git of 599?
9
What is the units digit of 353?
3
What is the tens digit of 25324?
2
What is the units digit of 5365?
5
What is the tens digit of 1031?
3
What is the tens digit of 34752?
5
What is the hundreds digit of 83750?
7
What is the thousands digit of 2376?
2
What is the thousands digit of 5123?
5
What is the thousands digit of 6266?
6
What is the tens digit of 852?
5
What is the thousands digit of 2475?
2
What is the tens digit of 1124?
2
What is the thousands digit of 1090?
1
What is the tens digit of 1941?
4
What is the units digit of 5769?
9
What is the tens digit of 14217?
1
What is the hundreds digit of 1539?
5
What is the ten thousands digit of 27696?
2
What is the hundreds digit of 99963?
9
What is the units digit of 98008?
8
What is the tens digit of 3676?
7
What is the units digit of 6600?
0
What is the tens digit of 36498?
9
What is the units digit of 134780?
0
What is the thousands digit of 4771?
4
What is the tens digit of 12718?
1
What is the units digit of 952?
2
What is the units digit of 1196?
6
What is the hundreds digit of 879?
8
What is the hundreds digit of 2278?
2
What is the tens digit of 5349?
4
What is the hundreds digit of 13640?
6
What is the hundreds digit of 916?
9
What is the tens digit of 903?
0
What is the hundreds digit of 1952?
9
What is the units digit of 757?
7
What is the units digit of 1418?
8
What is the units digit of 16685?
5
What is the ten thousands digit of 117139?
1
What is the units digit of 747?
7
What is the units digit of 10083?
3
What is the tens digit of 789?
8
What is the ten thousands digit of 58887?
5
What is the units digit of 27343?
3
What is the units digit of 33787?
7
What is the units digit of 6416?
6
What is the tens digit of 5283?
8
What is the units digit of 714?
4
What is the units digit of 53?
3
What is the ten thousands digit of 23399?
2
What is the tens digit of 182?
8
What is the hundreds digit of 9321?
3
What is the ten thousands digit of 45914?
4
What is the hundreds digit of 1009?
0
What is the hundreds digit of 5576?
5
What is the units digit of 50939?
9
What is the thousands digit of 41824?
1
What is the ten thousands digit of 15452?
1
What is the tens digit of 93541?
4
What is the units digit of 1111?
1
What is the tens digit of 13644?
4
What is the hundreds digit of 2325?
3
What is the hundred thousands digit of 114509?
1
What is the units digit of 8577?
7
What is the ten thousands digit of 12113?
1
What is the tens digit of 1349?
4
What is the hundreds digit of 2459?
4
What is the tens digit of 84?
8
What is the units digit of 11792?
2
What is the units digit of 10003?
3
What is the thousands digit of 1571?
1
What is the thousands digit of 47403?
7
What is the hundreds digit of 6576?
5
What is the hundreds digit of 18053?
0
What is the tens digit of 8266?
6
What is the tens digit of 438?
3
What is the units digit of 72975?
5
What is the hundreds digit of 4982?
9
What is the thousands digit of 108869?
8
What is the units digit of 4226?
6
What is the tens digit of 56905?
0
What is the thousands digit of 7149?
7
What is the hundreds digit of 36896?
8
What is the thousands digit of 11175?
1
What is the thousands digit of 3014?
3
What is the hundreds digit of 3705?
7
What is the units digit of 929?
9
What is the hundreds digit of 1366?
3
What is the thousands digit of 44702?
4
What is the thousands digit of 39742?
9
What is the tens digit of 63898?
9
What is the tens digit of 10081?
8
What is the ten thousands digit of 13611?
1
What is the hundreds digit of 10519?
5
What is the thousands digit of 2208?
2
What is the thousands digit of 1440?
1
What is the units digit of 3260?
0
What is the units digit of 7420?
0
What is the ten thousands digit of 59164?
5
What is the tens digit of 2768?
6
What is the units digit of 94208?
8
What is the tens digit of 45835?
3
What is the thousands digit of 23711?
3
What is the hundreds digit of 14429?
4
What is the hundreds digit of 1169?
1
What is the thousands digit of 139707?
9
What is the units digit of 6305?
5
What is the ten thousands digit of 197275?
9
What is the units digit of 3467?
7
What is the units digit of 2292?
2
What is the thousands digit of 5727?
5
What is the tens digit of 13?
1
What is the tens digit of 475?
7
What is the thousands digit of 10592?
0
What is the ten thousands digit of 134600?
3
What is the ten thousands digit of 27953?
2
What is the hundred thousands digit of 129800?
1
What is the thousands digit of 1656?
1
What is the thousands digit of 6344?
6
What is the hundreds digit of 5148?
1
What is the tens digit of 37316?
1
What is the units digit of 1613?
3
What is the tens digit of 481?
8
What is the tens digit of 77428?
2
What is the units digit of 1108?
8
What is the units digit of 565?
5
What is the tens digit of 23025?
2
What is the ten thousands digit of 12311?
1
What is the tens digit of 173533?
3
What is the thousands digit of 10803?
0
What is the hundreds digit of 12987?
9
What is the ten thousands digit of 10493?
1
What is the units digit of 11375?
5
What is the tens digit of 5614?
1
What is the units digit of 4220?
0
What is the hundreds digit of 7567?
5
What is the thousands digit of 6769?
6
What is the thousands digit of 77739?
7
What is the tens digit of 115876?
7
What is the tens digit of 3305?
0
What is the hundreds digit of 1970?
9
What is the tens digit of 12715?
1
What is the tens digit of 60273?
7
What is the units digit of 229?
9
What is the tens digit of 2261?
6
What is the hundreds digit of 5224?
2
What is the units digit of 5041?
1
What is the units digit of 515?
5
What is the units digit of 8173?
3
What is the hundreds digit of 340?
3
What is the ten thousands digit of 186311?
8
What is the hundreds digit of 95051?
0
What is the hundreds digit of 760?
7
What is the units digit of 424?
4
What is the thousands digit of 1537?
1
What is the ten thousands digit of 22490?
2
What is the tens digit of 93528?
2
What is the tens digit of 1950?
5
What is the units digit of 91778?
8
What is the ten thousands digit of 32160?
3
What is the hundreds digit of 49938?
9
What is the thousands digit of 8172?
8
What is the hundreds digit of 11805?
8
What is the tens digit of 26476?
7
What is the thousands digit of 1278?
1
What is the thousands digit of 5178?
5
What is the hundreds digit of 6191?
1
What is the units digit of 867?
7
What is the units digit of 1348?
8
What is the tens digit of 1417?
1
What is the tens digit of 37910?
1
What is the units digit of 4012?
2
What is the hundreds digit of 3640?
6
What is the tens digit of 549?
4
What is the thousands digit of 3548?
3
What is the ten thousands digit of 81870?
8
What is the hundreds digit of 83308?
3
What is the thousands digit of 1183?
1
What is the hundreds digit of 510?
5
What is the hundreds digit of 1454?
4
What is the tens digit of 856?
5
What is the thousands digit of 2375?
2
What is the ten thousands digit of 18626?
1
What is the thousands digit of 2377?
2
What is the tens digit of 2366?
6
What is the hundreds digit of 4315?
3
What is the units digit of 12820?
0
What is the tens digit of 31328?
2
What is the hundreds digit of 2534?
5
What is the thousands digit of 1123?
1
What is the hundreds digit of 1262?
2
What is the units digit of 1084?
4
What is the tens digit of 17352?
5
What is the hundreds digit of 8918?
9
What is the hundreds digit of 1355?
3
What is the ten thousands digit of 48360?
4
What is the hundreds digit of 1656?
6
What is the thousands digit of 2201?
2
What is the hundreds digit of 2371?
3
What is the thousands digit of 44359?
4
What is the thousands digit of 2017?
2
What is the tens digit of 2406?
0
What is the hundreds digit of 6073?
0
What is the thousands digit of 4922?
4
What is the tens digit of 53006?
0
What is the thousands digit of 95326?
5
What is the thousands digit of 46313?
6
What is the units digit of 160569?
9
What is the tens digit of 52266?
6
What is the tens digit of 457?
5
What is the hundreds digit of 8077?
0
What is the thousands digit of 3244?
3
What is the tens digit of 1849?
4
What is the tens digit of 14708?
0
What is the tens digit of 6809?
0
What is the tens digit of 6712?
1
What is the units digit of 11808?
8
What is the tens digit of 15611?
1
What is the thousands digit of 3904?
3
What is 